{"id":37,"date":"2013-12-28T23:12:49","date_gmt":"2013-12-28T22:12:49","guid":{"rendered":"http:\/\/nathaliehureau.fr\/?page_id=37"},"modified":"2014-01-19T17:20:45","modified_gmt":"2014-01-19T16:20:45","slug":"chroniques-de-films-radiophoniques","status":"publish","type":"page","link":"https:\/\/nathaliehureau.fr\/index.php\/chroniques-de-films-radiophoniques\/","title":{"rendered":"Chroniques de films radiophoniques"},"content":{"rendered":"<h2>pour l\u2019\u00e9mission <em>Des go\u00fbts et des couleurs<\/em> de Paul de Sinety.<\/h2>\n<div id=\"attachment_460\" style=\"width: 310px\" class=\"wp-caption alignright\"><img loading=\"lazy\" decoding=\"async\" aria-describedby=\"caption-attachment-460\" class=\"size-medium wp-image-460\" alt=\"Michel Bri\u00e8re, Paul de Sinety, Nathalie Hureau, avril 2013\" src=\"http:\/\/nathaliehureau.fr\/wp-content\/uploads\/2013\/12\/1304-952-radio-sit1-300x199.jpg\" width=\"300\" height=\"199\" srcset=\"https:\/\/nathaliehureau.fr\/wp-content\/uploads\/2013\/12\/1304-952-radio-sit1-300x199.jpg 300w, https:\/\/nathaliehureau.fr\/wp-content\/uploads\/2013\/12\/1304-952-radio-sit1-1024x681.jpg 1024w, https:\/\/nathaliehureau.fr\/wp-content\/uploads\/2013\/12\/1304-952-radio-sit1-624x415.jpg 624w, https:\/\/nathaliehureau.fr\/wp-content\/uploads\/2013\/12\/1304-952-radio-sit1.jpg 1200w\" sizes=\"auto, (max-width: 300px) 100vw, 300px\" \/><p id=\"caption-attachment-460\" class=\"wp-caption-text\">Michel Bri\u00e8re, Paul de Sinety, Nathalie Hureau, avril 2013<\/p><\/div>\n<p>Nathalie Hureau a tenu une chronique de film mensuelle, le vendredi \u00e0 19h 30, sur Radio Notre Dame 100.7, <a title=\"Toutes les chroniques par date de diffusion\" href=\"http:\/\/nathaliehureau.fr\/?page_id=491\">de septembre 2010 \u00e0 juillet 2013<\/a>.<\/p>\n<p>&nbsp;<\/p>\n<p>D\u00e9fendre sur les ondes un film de son choix fut une exp\u00e9rience passionnante.<\/p>\n<p>&nbsp;<\/p>\n<h3>\u00c9coutez une s\u00e9lection de ses chroniques de films:<\/h3>\n<h3><img loading=\"lazy\" decoding=\"async\" class=\"alignright size-medium wp-image-461\" alt=\"1309 694 sit\" src=\"http:\/\/nathaliehureau.fr\/wp-content\/uploads\/2013\/12\/1309-694-sit-300x225.jpg\" width=\"300\" height=\"225\" srcset=\"https:\/\/nathaliehureau.fr\/wp-content\/uploads\/2013\/12\/1309-694-sit-300x225.jpg 300w, https:\/\/nathaliehureau.fr\/wp-content\/uploads\/2013\/12\/1309-694-sit-1024x768.jpg 1024w, https:\/\/nathaliehureau.fr\/wp-content\/uploads\/2013\/12\/1309-694-sit-624x468.jpg 624w, https:\/\/nathaliehureau.fr\/wp-content\/uploads\/2013\/12\/1309-694-sit.jpg 1200w\" sizes=\"auto, (max-width: 300px) 100vw, 300px\" \/><img loading=\"lazy\" decoding=\"async\" class=\"alignright size-medium wp-image-463\" alt=\"1309 718 sit\" src=\"http:\/\/nathaliehureau.fr\/wp-content\/uploads\/2013\/12\/1309-718-sit-300x225.jpg\" width=\"300\" height=\"225\" srcset=\"https:\/\/nathaliehureau.fr\/wp-content\/uploads\/2013\/12\/1309-718-sit-300x225.jpg 300w, https:\/\/nathaliehureau.fr\/wp-content\/uploads\/2013\/12\/1309-718-sit-1024x768.jpg 1024w, https:\/\/nathaliehureau.fr\/wp-content\/uploads\/2013\/12\/1309-718-sit-624x468.jpg 624w, https:\/\/nathaliehureau.fr\/wp-content\/uploads\/2013\/12\/1309-718-sit.jpg 1200w\" sizes=\"auto, (max-width: 300px) 100vw, 300px\" \/><img loading=\"lazy\" decoding=\"async\" class=\"alignright size-medium wp-image-462\" alt=\"1309 701 sit\" src=\"http:\/\/nathaliehureau.fr\/wp-content\/uploads\/2013\/12\/1309-701-sit-300x225.jpg\" width=\"300\" height=\"225\" srcset=\"https:\/\/nathaliehureau.fr\/wp-content\/uploads\/2013\/12\/1309-701-sit-300x225.jpg 300w, https:\/\/nathaliehureau.fr\/wp-content\/uploads\/2013\/12\/1309-701-sit-1024x768.jpg 1024w, https:\/\/nathaliehureau.fr\/wp-content\/uploads\/2013\/12\/1309-701-sit-624x468.jpg 624w, https:\/\/nathaliehureau.fr\/wp-content\/uploads\/2013\/12\/1309-701-sit.jpg 1200w\" sizes=\"auto, (max-width: 300px) 100vw, 300px\" \/><\/h3>\n<p><em>\u2014 <a href=\"http:\/\/nathaliehureau.fr\/?page_id=502\">38 T\u00e9moins<\/a><\/em> (Lucas Belvaux)<br \/>\n<em>\u2014 <a href=\"http:\/\/nathaliehureau.fr\/?page_id=510\">Amour<\/a><\/em> (Michael Haneke)<br \/>\n<em>\u2014 <a href=\"http:\/\/nathaliehureau.fr\/?page_id=574\">Blancanieves<\/a><\/em> (Pablo Berger)<br \/>\n<em>\u2014 <a href=\"http:\/\/nathaliehureau.fr\/?page_id=513\">Bovines ou la vraie vie des vaches<\/a><\/em> (Emmanuel Gras)<br \/>\n<em><\/em><em>\u2014 <a href=\"http:\/\/nathaliehureau.fr\/?page_id=516\">Camille Claudel 1915<\/a><\/em> (Bruno Dumont)<br \/>\n<em><\/em><em>\u2014 <a href=\"http:\/\/nathaliehureau.fr\/?page_id=528\">C\u00e9sar doit mourir<\/a><\/em> (Paolo et Vittorio Taviani)<br \/>\n<em><\/em><em>\u2014 <a href=\"http:\/\/nathaliehureau.fr\/?page_id=535\">Le Cheval de Turin<\/a><\/em> (B\u00e9la Tarr)<br \/>\n<em>\u2014 <\/em><a href=\"http:\/\/nathaliehureau.fr\/?page_id=538\">Hommage \u00e0 Chris Marker<\/a><br \/>\n<em><\/em><em>\u2014 <a href=\"http:\/\/nathaliehureau.fr\/?page_id=542\">Le Discours d\u2019un roi<\/a><\/em> (Tom Hooper)<br \/>\n<em><\/em><em>\u2014 <a href=\"http:\/\/nathaliehureau.fr\/?page_id=544\">Duch, le ma\u00eetre des forges de l\u2019enfer<\/a><\/em> (Rithy Panh)<br \/>\n<em><\/em><em>\u2014 <a href=\"http:\/\/nathaliehureau.fr\/?page_id=547\">L\u2019Enfant d\u2019en haut<\/a><\/em> (Ursula Meier)<br \/>\n<em><\/em><em>\u2014 <a href=\"http:\/\/nathaliehureau.fr\/?page_id=549\">Le Gamin au v\u00e9lo<\/a><\/em> (Jean-Pierre et Luc Dardenne)<br \/>\n<em><\/em><em>\u2014 <a href=\"http:\/\/nathaliehureau.fr\/?page_id=583\">Gebo et l\u2019ombre<\/a><\/em> (Manoel de Oliveira)<br \/>\n<em><\/em><em>\u2014 <a href=\"http:\/\/nathaliehureau.fr\/?page_id=552\">La Grotte des r\u00eaves perdus<\/a><\/em> (Werner Herzog)<br \/>\n<em><\/em><em>\u2014 <a href=\"http:\/\/nathaliehureau.fr\/?page_id=555\">Hannah Arendt<\/a><\/em> (Margarethe Von Trotta)<br \/>\n<em><\/em><em>\u2014 <a href=\"http:\/\/nathaliehureau.fr\/?page_id=557\">Le Havre<\/a><\/em> (Aki Kaurismaki)<br \/>\n<em><\/em><em>\u2014 <a href=\"http:\/\/nathaliehureau.fr\/?page_id=559\">Hors Satan<\/a><\/em> (Bruno Dumont)<br \/>\n<em><\/em><em>\u2014 <a href=\"http:\/\/nathaliehureau.fr\/?page_id=562\">L\u2019Inconnu du lac<\/a><\/em> (Alain Guiraudie)<br \/>\n<em><\/em><em>\u2014 <a href=\"http:\/\/nathaliehureau.fr\/?page_id=564\">La Maison de la radio<\/a><\/em> (Nicolas Philibert)<br \/>\n<em><\/em><em>\u2014 <a href=\"http:\/\/nathaliehureau.fr\/?page_id=566\">Melancholia<\/a><\/em> (Lars Von Trier)<br \/>\n<em><\/em><em>\u2014 <a href=\"http:\/\/nathaliehureau.fr\/?page_id=568\">Noces. Stravinsky \/ Ramuz<\/a><\/em> (Philippe B\u00e9ziat)<br \/>\n<em><\/em><em>\u2014 <a title=\"Pater\" href=\"http:\/\/nathaliehureau.fr\/?page_id=570\">Pater<\/a><\/em> (Alain Cavalier)<br \/>\n<em><\/em><em>\u2014 <a href=\"http:\/\/nathaliehureau.fr\/?page_id=572\">Poetry<\/a><\/em> (Lee Chang-dong)<br \/>\n<em><\/em><em>\u2014 <a href=\"http:\/\/nathaliehureau.fr\/?page_id=574\">Tabou<\/a><\/em> (Miguel Gomes)<br \/>\n<em><\/em><em>\u2014 <a href=\"http:\/\/nathaliehureau.fr\/?page_id=576\">Tomboy<\/a><\/em> (C\u00e9line Sciamma)<br \/>\n<em><\/em><em>\u2014 <a href=\"http:\/\/nathaliehureau.fr\/?page_id=528\">Traviata et nous<\/a><\/em> (Philippe B\u00e9ziat)<br \/>\n<em><\/em><em>\u2014 <a href=\"http:\/\/nathaliehureau.fr\/?page_id=580\">La Vierge, les coptes et moi<\/a><\/em> (Namir Abdel Messeeh)<br \/>\n<em><\/em><em>\u2014 <a href=\"http:\/\/nathaliehureau.fr\/?page_id=583\">Vous n\u2019avez encore rien vu<\/a><\/em> (Alain Resnais)<\/p>\n<p>&nbsp;<\/p>\n<h3>L&rsquo;\u00e9quipe des chroniqueurs:<\/h3>\n<p>Paul de Sinety r\u00e9unissait\u00a0 quatre chroniqueurs, en alternance, qui pr\u00e9sentaient chacun une actualit\u00e9 culturelle.<\/p>\n<p>Cin\u00e9ma\u00a0: Patrick Brion et Nathalie Hureau.<br \/>\nTh\u00e9\u00e2tre\u00a0: V\u00e9ronique Guichard et Val\u00e9rie Lamballe.<br \/>\nArts plastiques\u00a0: Michel Bri\u00e8re et St\u00e9phane Coviaux.<br \/>\nLitt\u00e9rature\u00a0: Yves Chemla et Christophe Mory.<\/p>\n","protected":false},"excerpt":{"rendered":"<p>pour l\u2019\u00e9mission Des go\u00fbts et des couleurs de Paul de Sinety. Nathalie Hureau a tenu une chronique de film mensuelle, le vendredi \u00e0 19h 30, sur Radio Notre Dame 100.7, de septembre 2010 \u00e0 juillet 2013. &nbsp; D\u00e9fendre sur les ondes un film de son choix fut une exp\u00e9rience passionnante. &nbsp; \u00c9coutez une s\u00e9lection de [&hellip;]<\/p>\n","protected":false},"author":1,"featured_media":0,"parent":0,"menu_order":0,"comment_status":"closed","ping_status":"open","template":"","meta":{"footnotes":""},"class_list":["post-37","page","type-page","status-publish","hentry"],"_links":{"self":[{"href":"https:\/\/nathaliehureau.fr\/index.php\/wp-json\/wp\/v2\/pages\/37","targetHints":{"allow":["GET"]}}],"collection":[{"href":"https:\/\/nathaliehureau.fr\/index.php\/wp-json\/wp\/v2\/pages"}],"about":[{"href":"https:\/\/nathaliehureau.fr\/index.php\/wp-json\/wp\/v2\/types\/page"}],"author":[{"embeddable":true,"href":"https:\/\/nathaliehureau.fr\/index.php\/wp-json\/wp\/v2\/users\/1"}],"replies":[{"embeddable":true,"href":"https:\/\/nathaliehureau.fr\/index.php\/wp-json\/wp\/v2\/comments?post=37"}],"version-history":[{"count":45,"href":"https:\/\/nathaliehureau.fr\/index.php\/wp-json\/wp\/v2\/pages\/37\/revisions"}],"predecessor-version":[{"id":1357,"href":"https:\/\/nathaliehureau.fr\/index.php\/wp-json\/wp\/v2\/pages\/37\/revisions\/1357"}],"wp:attachment":[{"href":"https:\/\/nathaliehureau.fr\/index.php\/wp-json\/wp\/v2\/media?parent=37"}],"curies":[{"name":"wp","href":"https:\/\/api.w.org\/{rel}","templated":true}]}}