{"id":43,"date":"2014-01-01T16:14:37","date_gmt":"2014-01-01T15:14:37","guid":{"rendered":"http:\/\/nathaliehureau.fr\/?page_id=43"},"modified":"2018-07-18T20:31:28","modified_gmt":"2018-07-18T19:31:28","slug":"pascale-mons","status":"publish","type":"page","link":"https:\/\/nathaliehureau.fr\/index.php\/pascale-mons\/","title":{"rendered":"<span class=\"collabName\">Pascale Mons<\/span>"},"content":{"rendered":"<p>Apr\u00e8s des \u00e9tudes aux Beaux-Arts de Bourges, Pascale Mons travaille comme monteuse et preneuse de son, sur des films de fiction, des documentaires et des projets d\u2019artistes.<\/p>\n<p>Depuis une dizaine d\u2019ann\u00e9es, elle intervient \u00e9galement en tant que formatrice autour de ces deux activit\u00e9s.<\/p>\n<p>En 1998, deux r\u00e9alisations radiophoniques pour les <em>Nuits Magn\u00e9tiques<\/em> de France Culture lui donnent le go\u00fbt de la r\u00e9alisation sonore. Ce qui l\u2019am\u00e8ne aujourd\u2019hui \u00e0 d\u00e9velopper un atelier proposant des activit\u00e9s de r\u00e9flexion et de cr\u00e9ation autour du son.<\/p>\n<p>D\u00e9couvrir le <a href=\"https:\/\/www.pascalemons.com\/\" target=\"_blank\" rel=\"noopener\">site de Pascale Mons<\/a><\/p>\n","protected":false},"excerpt":{"rendered":"<p>Apr\u00e8s des \u00e9tudes aux Beaux-Arts de Bourges, Pascale Mons travaille comme monteuse et preneuse de son, sur des films de fiction, des documentaires et des projets d\u2019artistes. Depuis une dizaine d\u2019ann\u00e9es, elle intervient \u00e9galement en tant que formatrice autour de ces deux activit\u00e9s. En 1998, deux r\u00e9alisations radiophoniques pour les Nuits Magn\u00e9tiques de France Culture [&hellip;]<\/p>\n","protected":false},"author":1,"featured_media":0,"parent":0,"menu_order":0,"comment_status":"closed","ping_status":"open","template":"","meta":{"footnotes":""},"class_list":["post-43","page","type-page","status-publish","hentry"],"_links":{"self":[{"href":"https:\/\/nathaliehureau.fr\/index.php\/wp-json\/wp\/v2\/pages\/43","targetHints":{"allow":["GET"]}}],"collection":[{"href":"https:\/\/nathaliehureau.fr\/index.php\/wp-json\/wp\/v2\/pages"}],"about":[{"href":"https:\/\/nathaliehureau.fr\/index.php\/wp-json\/wp\/v2\/types\/page"}],"author":[{"embeddable":true,"href":"https:\/\/nathaliehureau.fr\/index.php\/wp-json\/wp\/v2\/users\/1"}],"replies":[{"embeddable":true,"href":"https:\/\/nathaliehureau.fr\/index.php\/wp-json\/wp\/v2\/comments?post=43"}],"version-history":[{"count":14,"href":"https:\/\/nathaliehureau.fr\/index.php\/wp-json\/wp\/v2\/pages\/43\/revisions"}],"predecessor-version":[{"id":2134,"href":"https:\/\/nathaliehureau.fr\/index.php\/wp-json\/wp\/v2\/pages\/43\/revisions\/2134"}],"wp:attachment":[{"href":"https:\/\/nathaliehureau.fr\/index.php\/wp-json\/wp\/v2\/media?parent=43"}],"curies":[{"name":"wp","href":"https:\/\/api.w.org\/{rel}","templated":true}]}}