{"id":736,"date":"2014-01-01T20:14:45","date_gmt":"2014-01-01T19:14:45","guid":{"rendered":"http:\/\/nathaliehureau.fr\/?page_id=736"},"modified":"2014-01-19T17:39:43","modified_gmt":"2014-01-19T16:39:43","slug":"enseignement","status":"publish","type":"page","link":"https:\/\/nathaliehureau.fr\/index.php\/enseignement\/","title":{"rendered":"Enseignement"},"content":{"rendered":"<h2><img loading=\"lazy\" decoding=\"async\" class=\"alignright size-medium wp-image-738\" alt=\"1004 461sit\" src=\"http:\/\/nathaliehureau.fr\/wp-content\/uploads\/2014\/01\/1004-461sit-300x225.jpg\" width=\"300\" height=\"225\" srcset=\"https:\/\/nathaliehureau.fr\/wp-content\/uploads\/2014\/01\/1004-461sit-300x225.jpg 300w, https:\/\/nathaliehureau.fr\/wp-content\/uploads\/2014\/01\/1004-461sit-1024x768.jpg 1024w, https:\/\/nathaliehureau.fr\/wp-content\/uploads\/2014\/01\/1004-461sit-624x468.jpg 624w, https:\/\/nathaliehureau.fr\/wp-content\/uploads\/2014\/01\/1004-461sit.jpg 1200w\" sizes=\"auto, (max-width: 300px) 100vw, 300px\" \/>Cours: <a href=\"http:\/\/nathaliehureau.fr\/?page_id=752\"><em>Le sens des images<\/em><\/a><\/h2>\n<p><em><\/em>Appr\u00e9hender le langage cin\u00e9matographique par l&rsquo;analyse du montage<br \/>\n<em> <\/em><\/p>\n<p><em>\u00a0<\/em><\/p>\n<h2><img loading=\"lazy\" decoding=\"async\" class=\"alignright size-medium wp-image-739\" alt=\"1211 679sit\" src=\"http:\/\/nathaliehureau.fr\/wp-content\/uploads\/2014\/01\/1211-679sit-300x225.jpg\" width=\"300\" height=\"225\" srcset=\"https:\/\/nathaliehureau.fr\/wp-content\/uploads\/2014\/01\/1211-679sit-300x225.jpg 300w, https:\/\/nathaliehureau.fr\/wp-content\/uploads\/2014\/01\/1211-679sit-1024x768.jpg 1024w, https:\/\/nathaliehureau.fr\/wp-content\/uploads\/2014\/01\/1211-679sit-624x468.jpg 624w, https:\/\/nathaliehureau.fr\/wp-content\/uploads\/2014\/01\/1211-679sit.jpg 1200w\" sizes=\"auto, (max-width: 300px) 100vw, 300px\" \/>Atelier: <em><\/em><a href=\"http:\/\/nathaliehureau.fr\/?page_id=797\"><em>Texte et photographie pour construire un r\u00e9cit<\/em><\/a><\/h2>\n<p>Concevoir et r\u00e9aliser un r\u00e9cit photographique. <span style=\"color: #333333;\">En collaboration avec <a href=\"http:\/\/nathaliehureau.fr\/?page_id=887\">Fabienne Siegwart<\/a>,<br \/>\nphotographe.<\/span><br \/>\n<em><\/em><\/p>\n<h2><img loading=\"lazy\" decoding=\"async\" class=\"alignright size-medium wp-image-740\" alt=\"1308 1282sit\" src=\"http:\/\/nathaliehureau.fr\/wp-content\/uploads\/2014\/01\/1308-1282sit-300x225.jpg\" width=\"300\" height=\"225\" srcset=\"https:\/\/nathaliehureau.fr\/wp-content\/uploads\/2014\/01\/1308-1282sit-300x225.jpg 300w, https:\/\/nathaliehureau.fr\/wp-content\/uploads\/2014\/01\/1308-1282sit-1024x768.jpg 1024w, https:\/\/nathaliehureau.fr\/wp-content\/uploads\/2014\/01\/1308-1282sit-624x468.jpg 624w, https:\/\/nathaliehureau.fr\/wp-content\/uploads\/2014\/01\/1308-1282sit.jpg 1200w\" sizes=\"auto, (max-width: 300px) 100vw, 300px\" \/><a href=\"http:\/\/nathaliehureau.fr\/?page_id=900\">Interventions diverses<\/a><\/h2>\n<p>Cin\u00e9 club<br \/>\nPr\u00e9sentation de films<br \/>\nAnimation de d\u00e9bats<br \/>\nConf\u00e9rences<br \/>\n<a href=\"http:\/\/nathaliehureau.fr\/?page_id=37\">Chroniques de films radiophoniques<\/a><\/p>\n","protected":false},"excerpt":{"rendered":"<p>Cours: Le sens des images Appr\u00e9hender le langage cin\u00e9matographique par l&rsquo;analyse du montage \u00a0 Atelier: Texte et photographie pour construire un r\u00e9cit Concevoir et r\u00e9aliser un r\u00e9cit photographique. En collaboration avec Fabienne Siegwart, photographe. Interventions diverses Cin\u00e9 club Pr\u00e9sentation de films Animation de d\u00e9bats Conf\u00e9rences Chroniques de films radiophoniques<\/p>\n","protected":false},"author":1,"featured_media":0,"parent":0,"menu_order":0,"comment_status":"closed","ping_status":"open","template":"","meta":{"footnotes":""},"class_list":["post-736","page","type-page","status-publish","hentry"],"_links":{"self":[{"href":"https:\/\/nathaliehureau.fr\/index.php\/wp-json\/wp\/v2\/pages\/736","targetHints":{"allow":["GET"]}}],"collection":[{"href":"https:\/\/nathaliehureau.fr\/index.php\/wp-json\/wp\/v2\/pages"}],"about":[{"href":"https:\/\/nathaliehureau.fr\/index.php\/wp-json\/wp\/v2\/types\/page"}],"author":[{"embeddable":true,"href":"https:\/\/nathaliehureau.fr\/index.php\/wp-json\/wp\/v2\/users\/1"}],"replies":[{"embeddable":true,"href":"https:\/\/nathaliehureau.fr\/index.php\/wp-json\/wp\/v2\/comments?post=736"}],"version-history":[{"count":14,"href":"https:\/\/nathaliehureau.fr\/index.php\/wp-json\/wp\/v2\/pages\/736\/revisions"}],"predecessor-version":[{"id":1366,"href":"https:\/\/nathaliehureau.fr\/index.php\/wp-json\/wp\/v2\/pages\/736\/revisions\/1366"}],"wp:attachment":[{"href":"https:\/\/nathaliehureau.fr\/index.php\/wp-json\/wp\/v2\/media?parent=736"}],"curies":[{"name":"wp","href":"https:\/\/api.w.org\/{rel}","templated":true}]}}